)/((-68)/136). Let o be 424/g - (-20)/(-25) - 3. Calculate the highest common divisor of o and 1539.
81
Suppose 8*c + 16 = -0*c. Let b(w) = 27*w + 58. Let h be b(c). What is the highest common factor of h and 16?
4
Let c = 8 - -15. Suppose -c + 3 = -4*o. Let w = -71185 - -71190. Calculate the highest common divisor of w and o.
5
Let s = 174 - 171. Let f(c) = 4*c**2 - 5*c + 15. Let l be f(s). What is the highest common factor of 54 and l?
18
Let s = -64 + 68. Let x = -24 + 28. Suppose x*w - 2*w + 3*y = 58, -y - 2 = 0. Calculate the greatest common divisor of s and w.
4
Let f be 5*9/(180/544). Suppose -16 = -444*d + 443*d. Calculate the highest common factor of d and f.
8
Let x be 1 - (33348/105*-5 - (-6 - -1)). What is the greatest common factor of x and 162?
18
Let x = -60 + 65. Suppose 4*r = 4*p - 60, x*p - 2*p - 53 = r. What is the highest common factor of 133 and p?
19
Let z be (-12046)/(-266) - (-2)/(-7). What is the greatest common factor of 477 and z?
9
Let y(z) = -z**3 - 4*z**2 + 3*z - 3. Let r be y(-6). Let q = 14181 - 13518. What is the highest common divisor of r and q?
51
Suppose 100 - 709 = 2*l - 3*q, 1228 = -4*l + 4*q. Let v = l - -597. Calculate the greatest common factor of v and 45.
15
Suppose -5*w = -4*l + 162, -8 = -4*w - 0. Let x = l - 52. Let q be (-16)/(-3 + 2) + 10 + x. What is the highest common factor of q and 119?
17
Let j be 47*((-57)/38)/((-3)/2). Suppose j*a - 7*a - 1920 = 0. What is the highest common factor of a and 168?
24
Suppose 59451 - 17907 = 6*d - 0*d. Calculate the highest common factor of d and 96.
12
Let x be (-38 + (-3472)/(-93))*96738/(-4). Calculate the greatest common factor of 23 and x.
23
Suppose x - 616 = 8*h, 9*x - 11*x - 3*h + 1137 = 0. What is the highest common factor of 14592 and x?
192
Let u = -24 + 44. Let s = 43 - u. Let z = s + -1. Calculate the highest common factor of z and 220.
22
Let w(s) = s + 1. Let q be w(-1). Suppose -3*p + 0*p + 120 = q. Let l = -228 + 288. Calculate the highest common factor of l and p.
20
Let l(x) = 26*x - 60. Let k be l(-8). Let h = -244 - k. Calculate the greatest common divisor of 324 and h.
12
Let h(a) = -3*a - 9. Let d be h(-4). Let l(j) = j**2 - 1 + 3 - 1 + 3. Let c be l(d). What is the greatest common factor of 39 and c?
13
Let u(q) = -4*q**2 - 43*q - 96. Let n be u(-6). What is the greatest common divisor of 774 and n?
18
Suppose 2486 = 2*o + 3*j, 3*j + 2911 = 5*o - 3283. Suppose 1767 = 5*z + 4*k, 3*k + o + 155 = 4*z. What is the highest common divisor of 13 and z?
13
Suppose -5*i = -2*g - 5390, g - 2165 = -5*i + 3240. Suppose -4*z + i = -z. Let b = 1462 + -1422. Calculate the greatest common factor of z and b.
40
Let i = 10724 - 10709. Calculate the highest common divisor of 1545 and i.
15
Suppose 4*g = -12, -3*l + 7*l + 3*g - 3 = 0. Suppose -2*x + 420 = l*x. Calculate the greatest common factor of x and 112.
28
Let y(a) = a**3 + 9*a**2 + 7*a + 1. Let k be y(-8). Suppose 79 - k = 5*m. Let n be 1/((-2)/((-28)/2)). Calculate the greatest common divisor of n and m.
7
Let n(w) = -w**3 - 22*w**2 + 39*w + 440. Let o be n(-23). What is the highest common divisor of o and 1464?
24
Suppose 2*f - 60 = -3*f. Let w be (f/(-5))/((-6)/20). Calculate the highest common factor of 40 and w.
8
Let i be ((19552/24)/13)/(3/(-2 + 146)). What is the greatest common divisor of 4 and i?
4
Suppose 159 + 216 = 5*w. Suppose v + 2 = -2*d, 3*v + 6*d = 11*d + 49. Suppose -50 - 150 = -v*n. Calculate the highest common divisor of w and n.
25
Let l = -7 - 0. Let s(o) be the first derivative of o**4/4 + 5*o**3/3 - 17*o**2/2 - 12*o - 26. Let i be s(l). What is the highest common factor of 9 and i?
9
Suppose 0 = 2633*d - 2639*d + 420. What is the highest common divisor of 540 and d?
10
Suppose -291 = -v - 8*g + 5*g, -2*v + 4*g + 612 = 0. What is the highest common factor of v and 270?
30
Suppose 1328720 = 128*s + 44*s + 156884. Calculate the highest common factor of s and 18.
9
Suppose -3*w + 68 = -z, 7*w + 4*z = 3*w + 112. Let k be w/(-40)*(-6 + 1). What is the highest common factor of k and 9?
3
Suppose -3*n + 229 = 22. Let h = 461 + -183. Let f = h - n. What is the highest common divisor of 19 and f?
19
Let x = 148 + -148. Suppose x = 3*r + 3*g - 69, 5*r = -g - 3*g + 116. What is the highest common divisor of 132 and r?
12
Suppose k + 2*n - 224 = 0, 5*k - 32 = 3*n + 1088. What is the highest common factor of 16 and k?
16
Suppose -20*k = 2*k + 5*k. Suppose 3*h + 5*o - 3*o - 3371 = k, -2*o = 5*h - 5621. Calculate the highest common factor of h and 45.
45
Let q be (-6)/(-1)*(-30)/(-90). Calculate the highest common divisor of q and 996.
2
Suppose 0 = -12*h + 8739 + 2533 - 352. Calculate the greatest common factor of h and 208.
26
Suppose -272*v + 210903 = -251*v. Calculate the greatest common factor of 83 and v.
83
Let d be 424682/366 + 4/6. Calculate the highest common divisor of 129 and d.
129
Suppose -56*n = -26*n - 180. Let g be (-4)/(1/(-23)*2). Suppose g = 2*w - d, 0 = -0*w + 2*w + 4*d - 56. Calculate the greatest common factor of w and n.
6
Let c = 137 + -116. Let w(i) = -i**2 - 7*i + 1. Let v be w(-6). Calculate the highest common divisor of c and v.
7
Let h be 1/((-6)/(-30)) - 0. Let p(y) = -29*y + 171. Let f be p(h). What is the greatest common factor of 4 and f?
2
Suppose 77 + 33 = 5*w. Suppose -w*x = -23*x - 6. Let n be (3/x)/(500/168 - 3). What is the greatest common factor of n and 147?
21
Suppose -3*k - 131 - 55 = -3*p, -3*p = k + 50. Let v = k + 111. Let j = v - 51. What is the highest common factor of j and 2?
1
Let q(v) = v**3 - 4*v**2 + 13*v - 60. Let p be q(6). Suppose -54 = j - 2*j. Calculate the highest common divisor of p and j.
18
Let j(i) = -5*i + 72. Let x be j(9). Suppose 0 = 3*o - 27 - x. Let d = 62 + -26. What is the greatest common factor of d and o?
18
Suppose 5*j = s + 29 - 31, 0 = -2*j - 2*s - 8. Let w be 50/5 - (j - -7). What is the greatest common factor of w and 140?
4
Suppose 0 = 4*h + 22 + 14. Let r = h + 543. Suppose 4*y - 804 = -3*b, -3*b - 2*y + r = -b. Calculate the highest common factor of 24 and b.
24
Let h(o) = 7*o - 2 - 1 - 4. Let z be 30/16 - 163/(-1304). Let c be h(z). What is the greatest common factor of 56 and c?
7
Let k be 7/(16/(-36)*15/(-40)). Let v = -17 - -5. Let f be v*(3 + (-36)/8). Calculate the greatest common factor of k and f.
6
Suppose 4*z - 235 = 5*t, 8*z + 5*t = -152 + 637. What is the greatest common factor of z and 36?
12
Let r be (2624/6)/4*(-159)/(-106). What is the highest common factor of 1025 and r?
41
Let v = -5 + 55. Let a(q) = q**2 - 2*q - 5. Let o be a(4). Let x be (-3 - 7)*(2 - o). Calculate the highest common divisor of v and x.
10
Suppose 77*w = 73*w + 2040. Let i = -238 + w. What is the greatest common factor of 34 and i?
34
Let r(l) = 76*l - 5. Let c be r(5). Suppose -3*w = 21, 0 = 7*u + 12*w - 9*w - 84. What is the greatest common divisor of c and u?
15
Let q(t) = t. Let h be q(1). Suppose m - 55 = -8*z + 4*z, -m + 3 = 0. Suppose 2*f - z + 7 = 0. What is the highest common factor of h and f?
1
Let m(f) = -f**3 - 13*f**2 + 26*f + 128. Let z be m(-16). What is the highest common factor of 24 and z?
24
Let i(h) = h**2 - 3*h + 31. Let l be i(9). What is the highest common divisor of l and 272?
17
Let c(k) = 4*k + 13*k**2 - 7 + 11*k**2 - 22*k**2 - 3*k. Let i be c(8). Calculate the highest common divisor of i and 43.
43
Suppose -42*d - 5208 = -35*d. Let o be d*10/(-15)*2. Calculate the highest common divisor of 31 and o.
31
Suppose -434*o + 2*y = -433*o - 1076, -3*o = 5*y - 3294. What is the highest common factor of 34 and o?
34
Let w = -121 - -123. Suppose -p - 4*p = 3*b - 17, 4*p - w*b = 18. Calculate the highest common factor of 2 and p.
2
Let q = -18 - -30. Let z = -8262 - -8742. Calculate the greatest common divisor of z and q.
12
Suppose -z - 3*z + 144 = 0. Suppose -5*l + 45 + 103 = 8. What is the highest common divisor of l and z?
4
Let h be (-4156)/16*-8 + 1. Suppose 3*w - 2052 = w + 4*d, 0 = 2*w + 5*d - h. What is the greatest common divisor of w and 24?
24
Suppose 3*w = -4*d - 1239, -w + d + 0*d - 413 = 0. Let l = w + 803. What is the highest common divisor of l and 30?
30
Suppose -68*x - 46665 = -99977. What is the highest common factor of 128 and x?
16
Let p be (-45)/(-9) + (-4 - -2). Suppose p*b 